of 282?
8
What is the hundreds digit of 1186?
1
What is the units digit of 2331?
1
What is the tens digit of 2148?
4
What is the hundreds digit of 2453?
4
What is the hundreds digit of 1038?
0
What is the hundreds digit of 6625?
6
What is the hundreds digit of 1278?
2
What is the thousands digit of 8088?
8
What is the ten thousands digit of 12678?
1
What is the thousands digit of 2284?
2
What is the hundreds digit of 34886?
8
What is the units digit of 102486?
6
What is the ten thousands digit of 10520?
1
What is the tens digit of 22379?
7
What is the tens digit of 71615?
1
What is the units digit of 678?
8
What is the hundreds digit of 1040?
0
What is the units digit of 6837?
7
What is the units digit of 2019?
9
What is the units digit of 36833?
3
What is the tens digit of 5772?
7
What is the hundreds digit of 4208?
2
What is the units digit of 5873?
3
What is the hundreds digit of 8095?
0
What is the units digit of 4258?
8
What is the tens digit of 15403?
0
What is the units digit of 7094?
4
What is the thousands digit of 5001?
5
What is the thousands digit of 28331?
8
What is the thousands digit of 59428?
9
What is the tens digit of 6594?
9
What is the hundreds digit of 33953?
9
What is the hundreds digit of 3297?
2
What is the units digit of 2?
2
What is the hundreds digit of 2669?
6
What is the thousands digit of 1817?
1
What is the tens digit of 14878?
7
What is the units digit of 7455?
5
What is the units digit of 2560?
0
What is the hundreds digit of 18281?
2
What is the thousands digit of 10842?
0
What is the hundreds digit of 21339?
3
What is the ten thousands digit of 15286?
1
What is the tens digit of 51226?
2
What is the units digit of 7343?
3
What is the units digit of 18842?
2
What is the units digit of 2903?
3
What is the tens digit of 72482?
8
What is the tens digit of 4926?
2
What is the tens digit of 2659?
5
What is the tens digit of 2785?
8
What is the units digit of 1424?
4
What is the hundreds digit of 3538?
5
What is the thousands digit of 44532?
4
What is the tens digit of 18207?
0
What is the units digit of 17240?
0
What is the thousands digit of 2222?
2
What is the hundreds digit of 939?
9
What is the ten thousands digit of 23977?
2
What is the hundreds digit of 2077?
0
What is the hundreds digit of 48457?
4
What is the thousands digit of 2841?
2
What is the thousands digit of 17043?
7
What is the thousands digit of 7765?
7
What is the thousands digit of 3807?
3
What is the hundred thousands digit of 154232?
1
What is the thousands digit of 10235?
0
What is the ten thousands digit of 19532?
1
What is the hundreds digit of 27535?
5
What is the tens digit of 9908?
0
What is the tens digit of 2700?
0
What is the hundreds digit of 341?
3
What is the hundreds digit of 2799?
7
What is the units digit of 718?
8
What is the tens digit of 71347?
4
What is the ten thousands digit of 13972?
1
What is the tens digit of 898?
9
What is the units digit of 179?
9
What is the units digit of 1008?
8
What is the units digit of 1651?
1
What is the tens digit of 1039?
3
What is the thousands digit of 19358?
9
What is the tens digit of 885?
8
What is the thousands digit of 3154?
3
What is the tens digit of 208?
0
What is the hundreds digit of 237?
2
What is the units digit of 28890?
0
What is the thousands digit of 61924?
1
What is the thousands digit of 1151?
1
What is the hundreds digit of 142129?
1
What is the ten thousands digit of 30637?
3
What is the thousands digit of 59996?
9
What is the thousands digit of 28307?
8
What is the thousands digit of 18299?
8
What is the thousands digit of 48251?
8
What is the ten thousands digit of 84581?
8
What is the thousands digit of 3472?
3
What is the tens digit of 30524?
2
What is the units digit of 2542?
2
What is the ten thousands digit of 61298?
6
What is the thousands digit of 140812?
0
What is the units digit of 66741?
1
What is the units digit of 44?
4
What is the hundreds digit of 1829?
8
What is the hundreds digit of 8590?
5
What is the tens digit of 8790?
9
What is the hundreds digit of 53747?
7
What is the thousands digit of 155766?
5
What is the units digit of 162205?
5
What is the thousands digit of 7646?
7
What is the units digit of 1006?
6
What is the tens digit of 13164?
6
What is the units digit of 1525?
5
What is the hundred thousands digit of 116169?
1
What is the thousands digit of 4601?
4
What is the units digit of 4?
4
What is the thousands digit of 28332?
8
What is the units digit of 19664?
4
What is the units digit of 46493?
3
What is the hundreds digit of 92398?
3
What is the units digit of 3891?
1
What is the hundreds digit of 84412?
4
What is the tens digit of 27395?
9
What is the units digit of 80474?
4
What is the hundreds digit of 23974?
9
What is the units digit of 42970?
0
What is the hundreds digit of 3502?
5
What is the thousands digit of 3174?
3
What is the tens digit of 2484?
8
What is the ten thousands digit of 49223?
4
What is the tens digit of 23303?
0
What is the thousands digit of 2805?
2
What is the units digit of 6970?
0
What is the hundreds digit of 641?
6
What is the tens digit of 929?
2
What is the tens digit of 51477?
7
What is the tens digit of 973?
7
What is the hundreds digit of 30516?
5
What is the thousands digit of 2920?
2
What is the hundreds digit of 1118?
1
What is the thousands digit of 7205?
7
What is the ten thousands digit of 47048?
4
What is the units digit of 13332?
2
What is the thousands digit of 8120?
8
What is the thousands digit of 1470?
1
What is the ten thousands digit of 69871?
6
What is the hundreds digit of 80448?
4
What is the units digit of 1633?
3
What is the ten thousands digit of 14508?
1
What is the units digit of 3900?
0
What is the thousands digit of 1664?
1
What is the tens digit of 880?
8
What is the tens digit of 380?
8
What is the ten thousands digit of 32360?
3
What is the thousands digit of 1582?
1
What is the tens digit of 11203?
0
What is the ten thousands digit of 71215?
7
What is the tens digit of 2522?
2
What is the tens digit of 20016?
1
What is the hundreds digit of 8105?
1
What is the hundreds digit of 5256?
2
What is the units digit of 8663?
3
What is the tens digit of 695?
9
What is the hundreds digit of 48344?
3
What is the hundreds digit of 1672?
6
What is the hundreds digit of 2939?
9
What is the ten thousands digit of 34405?
3
What is the thousands digit of 4566?
4
What is the thousands digit of 2576?
2
What is the hundreds digit of 759?
7
What is the units digit of 73?
3
What is the units digit of 1612?
2
What is the thousands digit of 25295?
5
What is the hundreds digit of 7217?
2
What is the thousands digit of 32282?
2
What is the units digit of 4626?
6
What is the units digit of 7056?
6
What is the thousands digit of 2421?
2
What is the hundreds digit of 1069?
0
What is the units digit of 49861?
1
What is the hundreds digit of 1107?
1
What is the tens digit of 480?
8
What is the hundreds digit of 270?
2
What is the tens digit of 6976?
7
What is the thousands digit of 1396?
1
What is the tens digit of 1134?
3
What is the tens digit of 120?
2
What is the units digit of 2953?
3
What is the tens digit of 228?
2
What is the ten thousands digit of 11526?
1
What is the tens digit of 2459?
5
What is the thousands digit of 1382?
1
What is the hundreds digit of 1102?
1
What is the thousands digit of 3565?
3
What is the ten thousands digit of 12562?
1
What is the hundreds digit of 25529?
5
What is the units digit of 1035?
5
What is the units digit of 364?
4
What is the thousands digit of 45992?
5
What is the tens digit of 527?
2
What is the thousands digit of 161546?
1
What is the hundreds digit of 6426?
4
What is the hundreds digit of 15578?
5
What is the units digit of 2?
2
What is the tens digit of 8205?
0
What is the units digit of 476?
6
What is the hundreds digit of 6654?
6
What is the thousands digit of 27756?
7
What is the tens digit of 22627?
2
What is the tens digit of 36499?
9
What is the units digit of 13642?
2
What is the units digit of 7604?
4
What is the tens digit of 4184?
8
What is the hundreds digit of 56756?
7
What is the units digit of 1178?
8
What is the ten thousands digit of 53901?
5
What is the tens digit of 318?
1
What is the hundreds digit of 231?
2
What is the hundreds digi